se 2*b + 4*b = -126. Let m = b - -41. Calculate the remainder when m is divided by 8.
4
Let x(g) = -4*g**3 + g**2 - 1. Let j be x(-1). What is the remainder when 0 - (-236)/j*1 is divided by 30?
29
Let o(l) = -l**2 - 4*l + 1. Let n be o(-7). Let k = n + 22. Suppose -k*j + 0 = -4. What is the remainder when 6 is divided by j?
0
Let a(z) = 8*z - 7. Suppose 4*b - 13 = h + 15, 0 = 5*b - 2*h - 38. Let s(x) = -x**2 - 9*x + 21. What is the remainder when a(b) is divided by s(-10)?
8
Let s(l) = 5*l**2 + l + 3. Let f(q) = -5*q - 8. Calculate the remainder when s(-4) is divided by f(-7).
25
Let l(c) = 9*c + 14. Let h be l(7). Suppose -13*f = -2*f - h. What is the remainder when f is divided by 5?
2
Let y(t) be the first derivative of t**4/2 + 4*t**3/3 - 4*t**2 + 2*t - 20. What is the remainder when y(3) is divided by 18?
14
Suppose 8*w + 139 = 403. Calculate the remainder when w is divided by 7.
5
What is the remainder when 12206/10 - (-222)/555 is divided by 72?
69
Calculate the remainder when (26/6)/(1 - 40/45) is divided by 21.
18
Suppose 5*a - 2 = 2*w + 8, 4*a - 4*w - 8 = 0. Let m be (0 + a)/(-1) - -3. Calculate the remainder when (16/(-2 + 4))/m is divided by 5.
3
Let m = -11 + 33. Calculate the remainder when 1008 is divided by m.
18
Let v be 5 + -6 + -4 - -158. Suppose -d + 4*d = k - v, 5*k - 855 = -3*d. Calculate the remainder when k is divided by 34.
32
Suppose -18*r - 16*r + 476 = 0. Calculate the remainder when 36 is divided by r.
8
What is the remainder when 3/5 - 91008/(-395) is divided by 52?
23
Let q be ((-2)/6)/(11/(-99)). Let z(s) = -2*s + 3*s**3 - 12 - 3*s - 2*s**q + 3*s + 9*s**2. What is the remainder when z(-9) is divided by 4?
2
Suppose -416 = -33*d + 640. Calculate the remainder when 95 is divided by d.
31
Let c = -129 - -26. Let d = -76 - c. Calculate the remainder when 134 is divided by d.
26
Calculate the remainder when 151 is divided by -1 + -4 + (10 + -12)*-28.
49
Suppose 4*f - 5*j - 276 = 0, 3*f = -0*f - 4*j + 207. Calculate the remainder when f is divided by 12.
9
Suppose -3*u - 9 = -183. What is the remainder when u is divided by 30?
28
Let a = -73 + 77. Calculate the remainder when 27 is divided by (-1 + a)/6*1*32.
11
Let c = 161 - 107. Calculate the remainder when 264 is divided by c.
48
Let x = 30 - -60. Suppose 4*t + 2*h - 86 = 0, 25 = 5*t + 4*h - x. Suppose -12*d = 3*c - 15*d - 9, -d = -4*c + 18. What is the remainder when t is divided by c?
4
Let g(u) = u**3 - 5*u + 3. Suppose 8 + 1 = 3*s. Calculate the remainder when 43 is divided by g(s).
13
Let g(s) = 8*s**2 + s - 2. Suppose 5*y - 84*r = -88*r + 47, -2*r - 4 = 0. What is the remainder when g(-2) is divided by y?
6
Suppose -280 = -n - 9*n. What is the remainder when 108 is divided by n?
24
Let g = -135 + 168. Calculate the remainder when 131 is divided by g.
32
Let d = 138 - 57. Suppose 3*m + 0*q + q = d, 58 = 2*m + 2*q. Suppose -2*u + 5*u - 65 = -y, -u = 4. Calculate the remainder when y is divided by m.
25
Suppose -2*t + 2*b - 292 = -6*t, -3*t + 216 = 3*b. What is the remainder when 227 is divided by t?
5
Let t be (-3)/9*(0 - 0). Suppose 8*w = 853 + 235. Suppose t*u = -4*u + w. Calculate the remainder when u is divided by 9.
7
Let g = 166 + -108. Let w = 75 - g. What is the remainder when 63 is divided by w?
12
Suppose 3*d - 2*q - 22 = 0, 3*d - 46 = -4*q - 0*q. Let h be 18/45 + (-28)/(-5). Suppose h*u + 10 - 22 = 0. Calculate the remainder when d is divided by u.
0
Let o be (12/(-8) + 0)*-4. Let w = -2 + o. Let n = w - -12. What is the remainder when n is divided by 9?
7
Let j(d) = 15*d + 4. Let u be j(-3). Let v = u - -79. Suppose -4*n = -142 + v. Calculate the remainder when 103 is divided by n.
25
Suppose -12*f - 6 = 6. Calculate the remainder when (9*36 - -4)*f/(-2) is divided by 42.
38
Suppose 196 = 4*h - 28. Suppose -3*g = g - 16. Suppose -g*v = -3*n - h, -n + 1 - 5 = 0. What is the remainder when 30 is divided by v?
8
Suppose 27*c + 24*c - 6987 = 0. Calculate the remainder when c is divided by 40.
17
Let x = -110 - -160. What is the remainder when x is divided by 7?
1
Suppose 0 = -s - 668 + 679. What is the remainder when s is divided by 7?
4
Let d = 312 + -196. Suppose d = 5*j - k, 0*k + 3*k + 36 = 2*j. Calculate the remainder when 94 is divided by j.
22
Suppose -34 - 4 = -2*i. Suppose 0 = -22*d + i*d + 144. What is the remainder when d is divided by 10?
8
Let j = -26 - -32. Calculate the remainder when 50 is divided by (-9 + j - (-14 - 0)) + 2.
11
Let f = 511 - 434. What is the remainder when f is divided by 41?
36
Suppose 0 = -6*d + 10*d - 132. What is the remainder when 126 is divided by d?
27
Let h = -74 - -126. What is the remainder when 189 is divided by h?
33
Let a = 468 - 452. Calculate the remainder when a is divided by 3.
1
Suppose 27 = 4*q - 17. Suppose -h - q = h - a, -5 = 5*h + 5*a. Let v(w) = w**3 + 6*w**2 + 3*w. Calculate the remainder when v(h) is divided by 8.
4
Suppose 48*k - 308 = 44*k. Suppose -9*t - k = -16*t. Calculate the remainder when 39 is divided by t.
6
Calculate the remainder when 89 is divided by (-2)/((-2)/2)*(-286)/(-44).
11
Suppose -9*s - 221 = -11*s + 3*a, -304 = -3*s - a. Calculate the remainder when 338 is divided by s.
29
Let k(o) = 14 - 10*o - 9*o + 3 + 22*o. Let i be k(-5). Suppose -2*m - i*v = -0*v - 14, -3*m = -5*v - 29. Calculate the remainder when 14 is divided by m.
6
Suppose 16*c = 3*c + 39. Suppose c*j - 280 = u, 3*j - 6*u = -u + 260. What is the remainder when j is divided by 24?
23
Let j = -12 - 123. Let p = -59 - j. What is the remainder when p is divided by 13?
11
Let r(m) = -30*m - 8. Let t be r(-3). Suppose 50 = k + q, t = 4*k - 5*q - 154. What is the remainder when k is divided by 14?
12
What is the remainder when (0 - 4/(-6)) + (-15980)/(-204) is divided by 14?
9
Calculate the remainder when 68 is divided by 2/(-6)*3*-5.
3
Let d(p) = -p**2 + 11*p - 12. Let f be d(8). Suppose 6*q + 120 = f*q. Calculate the remainder when 79 is divided by q.
19
Suppose 0 = 3*u - 2*u - 79. Let k(a) = -2*a**2 + 22*a + 7. Calculate the remainder when u is divided by k(10).
25
Let q(w) be the first derivative of -5*w**2/2 - 41*w - 23. What is the remainder when 25 is divided by q(-10)?
7
Let l = 904 - -582. What is the remainder when l is divided by 24?
22
Suppose -5*t + 22 = -2*r - 77, 5*t - 25 = 0. Let m = r - -53. What is the remainder when 27 is divided by m?
11
Suppose i - 5 = -1. Let w(u) = -u + 7. Let a be w(i). Suppose 0 = 2*g - a*g + 18. What is the remainder when 69 is divided by g?
15
Suppose 423*c = 406*c + 187. What is the remainder when c is divided by 10?
1
Calculate the remainder when (229/6)/(82/492) is divided by 35.
19
Let t(i) = i. Let x(q) = -q**2 - 4*q + 5. Let o be x(-3). Let v be t(o). Let u = v - -7. What is the remainder when 43 is divided by u?
13
Let o(n) = -2*n**2 + 35*n + 155. Calculate the remainder when o(0) is divided by 12.
11
Suppose -3*m + 39 = -0*m. Let h = m + -12. Calculate the remainder when 9 is divided by h/2*(4 + 0).
1
Let h(s) = 2*s**2 - 4*s + 3. Suppose -6 = -3*l + 9. Suppose l*x - 12 = 28. What is the remainder when h(4) is divided by x?
3
Let g(p) = p**3 - 24*p**2 + 64*p + 31. Let i(z) = -5*z - 4. Calculate the remainder when g(21) is divided by i(-3).
8
Suppose 0*i - 3*i - 3*q = -81, 52 = 2*i + q. Calculate the remainder when 110 is divided by i.
10
Let h(b) = 3*b**3 - 4*b**3 - 16 - 5*b - 15 + 29. Calculate the remainder when 45 is divided by h(-2).
13
Suppose 5*k - k + 4*s - 2928 = 0, -4*s - 3651 = -5*k. What is the remainder when k is divided by 92?
87
Let y(s) = 3*s**2 + 45*s + 144. What is the remainder when 176 is divided by y(-3)?
32
Let k be 25/(6 + -1) + 1. Let j = 2 + 26. Calculate the remainder when k*(106/6 - 4) is divided by j.
26
Suppose -4*r - h = -645, 5*h = r + 3*r - 639. Calculate the remainder when r is divided by 9.
8
Let g(b) = 4*b**2 - 24*b + 17. Suppose -3*n = -4*n + 50. What is the remainder when n is divided by g(6)?
16
Suppose z + b - 16 = 0, -3*b = -8*b + 20. What is the remainder when 174/z*(-2 + 4) is divided by 16?
13
Let t = 28 + -22. Suppose 0 = 4*s + 5*k - 182 + 29, -4*k + 20 = 0. Calculate the remainder when s is divided by 42/t + (-2 - -6).
10
Suppose 4*x - 72 = -0*x. Calculate the remainder when x is divided by -11*1 - -30*28/35.
5
Let p(v